{"id":105,"date":"2021-05-07T16:15:15","date_gmt":"2021-05-07T16:15:15","guid":{"rendered":"http:\/\/pozoledonaluisa.com\/index.php\/about-2\/"},"modified":"2022-04-14T21:30:54","modified_gmt":"2022-04-14T21:30:54","slug":"acerca-de-nosotros","status":"publish","type":"page","link":"https:\/\/pozoledonaluisa.com\/index.php\/acerca-de-nosotros\/","title":{"rendered":"Acerca De Nosotros"},"content":{"rendered":"\t\t<div data-elementor-type=\"wp-page\" data-elementor-id=\"105\" class=\"elementor elementor-105\">\n\t\t\t\t\t\t<section class=\"elementor-section elementor-top-section elementor-element elementor-element-954acb8 elementor-section-boxed elementor-section-height-default elementor-section-height-default\" data-id=\"954acb8\" data-element_type=\"section\" data-settings=\"{&quot;background_background&quot;:&quot;classic&quot;}\">\n\t\t\t\t\t\t\t<div class=\"elementor-background-overlay\"><\/div>\n\t\t\t\t\t\t\t<div class=\"elementor-container elementor-column-gap-no\">\n\t\t\t\t\t<div class=\"elementor-column elementor-col-100 elementor-top-column elementor-element elementor-element-77d49fb\" data-id=\"77d49fb\" data-element_type=\"column\">\n\t\t\t<div class=\"elementor-widget-wrap elementor-element-populated\">\n\t\t\t\t\t\t<div class=\"elementor-element elementor-element-4164874 elementor-widget elementor-widget-heading\" data-id=\"4164874\" data-element_type=\"widget\" data-widget_type=\"heading.default\">\n\t\t\t\t<div class=\"elementor-widget-container\">\n\t\t\t\t\t<h1 class=\"elementor-heading-title elementor-size-default\">Acerca de Nosotros<\/h1>\t\t\t\t<\/div>\n\t\t\t\t<\/div>\n\t\t\t\t\t<\/div>\n\t\t<\/div>\n\t\t\t\t\t<\/div>\n\t\t<\/section>\n\t\t\t\t<section class=\"elementor-section elementor-top-section elementor-element elementor-element-c3c7397 elementor-section-boxed elementor-section-height-default elementor-section-height-default\" data-id=\"c3c7397\" data-element_type=\"section\">\n\t\t\t\t\t\t<div class=\"elementor-container elementor-column-gap-no\">\n\t\t\t\t\t<div class=\"elementor-column elementor-col-100 elementor-top-column elementor-element elementor-element-706dbbf\" data-id=\"706dbbf\" data-element_type=\"column\">\n\t\t\t<div class=\"elementor-widget-wrap elementor-element-populated\">\n\t\t\t\t\t\t<div class=\"elementor-element elementor-element-8fc1c07 elementor-widget elementor-widget-heading\" data-id=\"8fc1c07\" data-element_type=\"widget\" data-widget_type=\"heading.default\">\n\t\t\t\t<div class=\"elementor-widget-container\">\n\t\t\t\t\t<h4 class=\"elementor-heading-title elementor-size-default\">Bienvenidos a Casa, bienvenidos a Pozole Do\u00f1a Luisa<br>Recetas Familiares desde 1929<br><br><br>Todos somos merecedores de en alg\u00fan momento recordar como es el sentarse en una mesa y sentirse lo m\u00e1s cercano a estar en casa o con tu familia.<br><br>\nCada persona y familia tiene algo que ofrecer al mundo, gracias por ser parte de la nuestra.<br><br>\n\u00bfY cu\u00e1l es su historia?<br><br>\n\t- Pozole Do\u00f1a Luisa.\n<\/h4>\t\t\t\t<\/div>\n\t\t\t\t<\/div>\n\t\t\t\t<div class=\"elementor-element elementor-element-b99c008 elementor-widget elementor-widget-image\" data-id=\"b99c008\" data-element_type=\"widget\" data-widget_type=\"image.default\">\n\t\t\t\t<div class=\"elementor-widget-container\">\n\t\t\t\t\t\t\t\t\t\t\t\t\t\t\t<img fetchpriority=\"high\" decoding=\"async\" width=\"2560\" height=\"2196\" src=\"https:\/\/pozoledonaluisa.com\/wp-content\/uploads\/2022\/01\/image00020-copia-scaled.jpeg\" class=\"attachment-full size-full wp-image-491\" alt=\"\" srcset=\"https:\/\/pozoledonaluisa.com\/wp-content\/uploads\/2022\/01\/image00020-copia-scaled.jpeg 2560w, https:\/\/pozoledonaluisa.com\/wp-content\/uploads\/2022\/01\/image00020-copia-300x257.jpeg 300w, https:\/\/pozoledonaluisa.com\/wp-content\/uploads\/2022\/01\/image00020-copia-1024x879.jpeg 1024w, https:\/\/pozoledonaluisa.com\/wp-content\/uploads\/2022\/01\/image00020-copia-768x659.jpeg 768w, https:\/\/pozoledonaluisa.com\/wp-content\/uploads\/2022\/01\/image00020-copia-1536x1318.jpeg 1536w, https:\/\/pozoledonaluisa.com\/wp-content\/uploads\/2022\/01\/image00020-copia-2048x1757.jpeg 2048w\" sizes=\"(max-width: 2560px) 100vw, 2560px\" \/>\t\t\t\t\t\t\t\t\t\t\t\t\t\t\t<\/div>\n\t\t\t\t<\/div>\n\t\t\t\t\t<\/div>\n\t\t<\/div>\n\t\t\t\t\t<\/div>\n\t\t<\/section>\n\t\t\t\t<section class=\"elementor-section elementor-top-section elementor-element elementor-element-23dc75b elementor-section-boxed elementor-section-height-default elementor-section-height-default\" data-id=\"23dc75b\" data-element_type=\"section\" data-settings=\"{&quot;background_background&quot;:&quot;classic&quot;}\">\n\t\t\t\t\t\t<div class=\"elementor-container elementor-column-gap-no\">\n\t\t\t\t\t<div class=\"elementor-column elementor-col-100 elementor-top-column elementor-element elementor-element-abe5108\" data-id=\"abe5108\" data-element_type=\"column\">\n\t\t\t<div class=\"elementor-widget-wrap elementor-element-populated\">\n\t\t\t\t\t\t<div class=\"elementor-element elementor-element-6a4afa1 elementor-widget__width-auto elementor-widget-mobile__width-inherit elementor-widget elementor-widget-heading\" data-id=\"6a4afa1\" data-element_type=\"widget\" data-widget_type=\"heading.default\">\n\t\t\t\t<div class=\"elementor-widget-container\">\n\t\t\t\t\t<h2 class=\"elementor-heading-title elementor-size-default\">Nuestra Historia<\/h2>\t\t\t\t<\/div>\n\t\t\t\t<\/div>\n\t\t\t\t<div class=\"elementor-element elementor-element-a72b8b2 elementor-position-left elementor-vertical-align-top elementor-widget elementor-widget-image-box\" data-id=\"a72b8b2\" data-element_type=\"widget\" data-widget_type=\"image-box.default\">\n\t\t\t\t<div class=\"elementor-widget-container\">\n\t\t\t\t\t<div class=\"elementor-image-box-wrapper\"><figure class=\"elementor-image-box-img\"><img decoding=\"async\" width=\"2390\" height=\"2400\" src=\"https:\/\/pozoledonaluisa.com\/wp-content\/uploads\/2022\/01\/MENU-POZOLE-CON-CERDO-copia.jpeg\" class=\"attachment-full size-full wp-image-474\" alt=\"\" srcset=\"https:\/\/pozoledonaluisa.com\/wp-content\/uploads\/2022\/01\/MENU-POZOLE-CON-CERDO-copia.jpeg 2390w, https:\/\/pozoledonaluisa.com\/wp-content\/uploads\/2022\/01\/MENU-POZOLE-CON-CERDO-copia-300x300.jpeg 300w, https:\/\/pozoledonaluisa.com\/wp-content\/uploads\/2022\/01\/MENU-POZOLE-CON-CERDO-copia-1020x1024.jpeg 1020w, https:\/\/pozoledonaluisa.com\/wp-content\/uploads\/2022\/01\/MENU-POZOLE-CON-CERDO-copia-150x150.jpeg 150w, https:\/\/pozoledonaluisa.com\/wp-content\/uploads\/2022\/01\/MENU-POZOLE-CON-CERDO-copia-768x771.jpeg 768w, https:\/\/pozoledonaluisa.com\/wp-content\/uploads\/2022\/01\/MENU-POZOLE-CON-CERDO-copia-1530x1536.jpeg 1530w, https:\/\/pozoledonaluisa.com\/wp-content\/uploads\/2022\/01\/MENU-POZOLE-CON-CERDO-copia-2039x2048.jpeg 2039w\" sizes=\"(max-width: 2390px) 100vw, 2390px\" \/><\/figure><div class=\"elementor-image-box-content\"><h4 class=\"elementor-image-box-title\">Acerca de Nosotros:<\/h4><p class=\"elementor-image-box-description\">- Platillos y recetas familiares compartidas de generaci\u00f3n en generaci\u00f3n desde 1929.<br><br><div>- Apasionados por el Pozole Rojo.<\/div><div><br><\/div><div>- Nos exigimos a proveer alimento de nivel impecable sin rebajar la calidad de cada uno de los productos e ingredientes, para otorgar una satisfacci\u00f3n total para el cliente del inicio hasta el final de su alimento.\n<\/div><\/p><\/div><\/div>\t\t\t\t<\/div>\n\t\t\t\t<\/div>\n\t\t\t\t\t<\/div>\n\t\t<\/div>\n\t\t\t\t\t<\/div>\n\t\t<\/section>\n\t\t\t\t<section class=\"elementor-section elementor-top-section elementor-element elementor-element-907abb9 elementor-section-boxed elementor-section-height-default elementor-section-height-default\" data-id=\"907abb9\" data-element_type=\"section\" data-settings=\"{&quot;background_background&quot;:&quot;classic&quot;}\">\n\t\t\t\t\t\t\t<div class=\"elementor-background-overlay\"><\/div>\n\t\t\t\t\t\t\t<div class=\"elementor-container elementor-column-gap-default\">\n\t\t\t\t\t<div class=\"elementor-column elementor-col-100 elementor-top-column elementor-element elementor-element-898eeff\" data-id=\"898eeff\" data-element_type=\"column\">\n\t\t\t<div class=\"elementor-widget-wrap\">\n\t\t\t\t\t\t\t<\/div>\n\t\t<\/div>\n\t\t\t\t\t<\/div>\n\t\t<\/section>\n\t\t\t\t<\/div>\n\t\t","protected":false},"excerpt":{"rendered":"<p>Acerca de Nosotros Bienvenidos a Casa, bienvenidos a Pozole Do\u00f1a LuisaRecetas Familiares desde 1929 Todos somos merecedores de en alg\u00fan momento recordar como es el sentarse en una mesa y sentirse lo m\u00e1s cercano a estar en casa o con tu familia. Cada persona y familia tiene algo que ofrecer al mundo, gracias por ser [&hellip;]<\/p>\n","protected":false},"author":1,"featured_media":489,"parent":0,"menu_order":0,"comment_status":"closed","ping_status":"closed","template":"","meta":{"om_disable_all_campaigns":false,"site-sidebar-layout":"no-sidebar","site-content-layout":"page-builder","ast-site-content-layout":"default","site-content-style":"default","site-sidebar-style":"default","ast-global-header-display":"","ast-banner-title-visibility":"","ast-main-header-display":"","ast-hfb-above-header-display":"","ast-hfb-below-header-display":"","ast-hfb-mobile-header-display":"","site-post-title":"disabled","ast-breadcrumbs-content":"","ast-featured-img":"disabled","footer-sml-layout":"","theme-transparent-header-meta":"enabled","adv-header-id-meta":"","stick-header-meta":"","header-above-stick-meta":"","header-main-stick-meta":"","header-below-stick-meta":"","astra-migrate-meta-layouts":"default","ast-page-background-enabled":"default","ast-page-background-meta":{"desktop":{"background-color":"","background-image":"","background-repeat":"repeat","background-position":"center center","background-size":"auto","background-attachment":"scroll","background-type":"","background-media":"","overlay-type":"","overlay-color":"","overlay-opacity":"","overlay-gradient":""},"tablet":{"background-color":"","background-image":"","background-repeat":"repeat","background-position":"center center","background-size":"auto","background-attachment":"scroll","background-type":"","background-media":"","overlay-type":"","overlay-color":"","overlay-opacity":"","overlay-gradient":""},"mobile":{"background-color":"","background-image":"","background-repeat":"repeat","background-position":"center center","background-size":"auto","background-attachment":"scroll","background-type":"","background-media":"","overlay-type":"","overlay-color":"","overlay-opacity":"","overlay-gradient":""}},"ast-content-background-meta":{"desktop":{"background-color":"var(--ast-global-color-5)","background-image":"","background-repeat":"repeat","background-position":"center center","background-size":"auto","background-attachment":"scroll","background-type":"","background-media":"","overlay-type":"","overlay-color":"","overlay-opacity":"","overlay-gradient":""},"tablet":{"background-color":"var(--ast-global-color-5)","background-image":"","background-repeat":"repeat","background-position":"center center","background-size":"auto","background-attachment":"scroll","background-type":"","background-media":"","overlay-type":"","overlay-color":"","overlay-opacity":"","overlay-gradient":""},"mobile":{"background-color":"var(--ast-global-color-5)","background-image":"","background-repeat":"repeat","background-position":"center center","background-size":"auto","background-attachment":"scroll","background-type":"","background-media":"","overlay-type":"","overlay-color":"","overlay-opacity":"","overlay-gradient":""}},"footnotes":""},"class_list":["post-105","page","type-page","status-publish","has-post-thumbnail","hentry"],"aioseo_notices":[],"_links":{"self":[{"href":"https:\/\/pozoledonaluisa.com\/index.php\/wp-json\/wp\/v2\/pages\/105","targetHints":{"allow":["GET"]}}],"collection":[{"href":"https:\/\/pozoledonaluisa.com\/index.php\/wp-json\/wp\/v2\/pages"}],"about":[{"href":"https:\/\/pozoledonaluisa.com\/index.php\/wp-json\/wp\/v2\/types\/page"}],"author":[{"embeddable":true,"href":"https:\/\/pozoledonaluisa.com\/index.php\/wp-json\/wp\/v2\/users\/1"}],"replies":[{"embeddable":true,"href":"https:\/\/pozoledonaluisa.com\/index.php\/wp-json\/wp\/v2\/comments?post=105"}],"version-history":[{"count":35,"href":"https:\/\/pozoledonaluisa.com\/index.php\/wp-json\/wp\/v2\/pages\/105\/revisions"}],"predecessor-version":[{"id":791,"href":"https:\/\/pozoledonaluisa.com\/index.php\/wp-json\/wp\/v2\/pages\/105\/revisions\/791"}],"wp:featuredmedia":[{"embeddable":true,"href":"https:\/\/pozoledonaluisa.com\/index.php\/wp-json\/wp\/v2\/media\/489"}],"wp:attachment":[{"href":"https:\/\/pozoledonaluisa.com\/index.php\/wp-json\/wp\/v2\/media?parent=105"}],"curies":[{"name":"wp","href":"https:\/\/api.w.org\/{rel}","templated":true}]}}